{"id":179,"date":"2011-12-30T12:09:46","date_gmt":"2011-12-30T12:09:46","guid":{"rendered":"http:\/\/www.likedeeler-ballon.de\/wordpress\/?page_id=179"},"modified":"2017-11-12T19:34:30","modified_gmt":"2017-11-12T17:34:30","slug":"das-team","status":"publish","type":"page","link":"https:\/\/www.likedeeler-ballon.de\/wordpress\/uber-uns\/das-team\/","title":{"rendered":"Das Team"},"content":{"rendered":"<p style=\"text-align: left;\">Das Team und die Atmosph\u00e4re beim Ballonfahren ist das Wichtigste. Das und die Sch\u00f6nheit und die Ruhe in der Luft, sind die Gr\u00fcnde warum ich diesen Sport mache.<\/p>\n<p style=\"text-align: left;\">Ich will hier einige Bilder zeigen, welche das Crewleben zeigen.<\/p>\n<p><center><a href=\"http:\/\/www.likedeeler-ballon.de\/images\/team\/big\/impress_gr_001.jpg\"><img loading=\"lazy\" decoding=\"async\" class=\"alignnone\" title=\"Die Crew und Pilot Andreas vor dem abger\u00fcsteten Korb.\" src=\"http:\/\/www.likedeeler-ballon.de\/images\/team\/impress_kl_001.jpg\" alt=\"Die Crew und Pilot Andreas vor dem abger\u00fcsteten Korb.\" width=\"150\" height=\"100\" \/><\/a> <a href=\"http:\/\/www.likedeeler-ballon.de\/images\/team\/big\/impress_gr_002.jpg\"><img loading=\"lazy\" decoding=\"async\" class=\"alignnone\" title=\"In der Sonne liegen und genie\u00dfen... das geh\u00f6rt auch dazu\" src=\"http:\/\/www.likedeeler-ballon.de\/images\/team\/impress_kl_002.jpg\" alt=\"In der Sonne liegen und genie\u00dfen... das geh\u00f6rt auch dazu\" width=\"150\" height=\"100\" \/><\/a> <a href=\"http:\/\/www.likedeeler-ballon.de\/images\/team\/big\/impress_gr_003.jpg\"><img loading=\"lazy\" decoding=\"async\" class=\"alignnone\" title=\"Ich wei\u00df nicht was es ist, aber es riecht nicht gut!\" src=\"http:\/\/www.likedeeler-ballon.de\/images\/team\/impress_kl_003.jpg\" alt=\"Ich wei\u00df nicht was es ist, aber es riecht nicht gut!\" width=\"150\" height=\"100\" \/><\/a><br \/>\n<a href=\"http:\/\/www.likedeeler-ballon.de\/images\/team\/big\/impress_gr_004.jpg\"><img loading=\"lazy\" decoding=\"async\" class=\"alignnone\" title=\"Das ist gestellt!! Ich schw\u00f6re!!\" src=\"http:\/\/www.likedeeler-ballon.de\/images\/team\/impress_kl_004.jpg\" alt=\"Das ist gestellt!! Ich schw\u00f6re!!\" width=\"150\" height=\"100\" \/><\/a> <a href=\"http:\/\/www.likedeeler-ballon.de\/images\/team\/big\/impress_gr_005.jpg\"><img loading=\"lazy\" decoding=\"async\" class=\"alignnone\" title=\"Wer baut ab? Lasst uns das mal ausdiskutieren...\" src=\"http:\/\/www.likedeeler-ballon.de\/images\/team\/impress_kl_005.jpg\" alt=\"Wer baut ab? Lasst uns das mal ausdiskutieren...\" width=\"150\" height=\"100\" \/><\/a> <a href=\"http:\/\/www.likedeeler-ballon.de\/images\/team\/big\/impress_gr_006.jpg\"><img loading=\"lazy\" decoding=\"async\" class=\"alignnone\" title=\"Schon wieder Pause??\" src=\"http:\/\/www.likedeeler-ballon.de\/images\/team\/impress_kl_006.jpg\" alt=\"Schon wieder Pause??\" width=\"150\" height=\"100\" \/><\/a><br \/>\n<a href=\"http:\/\/www.likedeeler-ballon.de\/images\/team\/big\/impress_gr_007.jpg\"><img loading=\"lazy\" decoding=\"async\" class=\"alignnone\" title=\"Es gibt auch Leute in der Crew die arbeiten ;)\" src=\"http:\/\/www.likedeeler-ballon.de\/images\/team\/impress_kl_007.jpg\" alt=\"Es gibt auch Leute in der Crew die arbeiten ;)\" width=\"150\" height=\"100\" \/><\/a> <a href=\"http:\/\/www.likedeeler-ballon.de\/images\/team\/big\/impress_gr_008.jpg\"><img loading=\"lazy\" decoding=\"async\" class=\"alignnone\" title=\"Passt das Wetter nicht, ist man auch mal auf Erkundungstour... hier in Berlin 2011\" src=\"http:\/\/www.likedeeler-ballon.de\/images\/team\/impress_kl_008.jpg\" alt=\"Passt das Wetter nicht, ist man auch mal auf Erkundungstour... hier in Berlin 2011\" width=\"150\" height=\"100\" \/><\/a> <a href=\"http:\/\/www.likedeeler-ballon.de\/images\/team\/big\/impress_gr_009.jpg\"><img loading=\"lazy\" decoding=\"async\" class=\"alignnone\" title=\"Hier waren wir am Denkmal des Pioniers der L\u00fcfte Otto Lilienthal\" src=\"http:\/\/www.likedeeler-ballon.de\/images\/team\/impress_kl_009.jpg\" alt=\"Hier waren wir am Denkmal des Pioniers der L\u00fcfte Otto Lilienthal\" width=\"150\" height=\"100\" \/><\/a><br \/>\n<a href=\"http:\/\/www.likedeeler-ballon.de\/images\/team\/big\/impress_gr_010.jpg\"><img loading=\"lazy\" decoding=\"async\" class=\"alignnone\" title=\"Kalt, Wei\u00df ... Schnee... Gruppenfoto\" src=\"http:\/\/www.likedeeler-ballon.de\/images\/team\/impress_kl_010.jpg\" alt=\"Kalt, Wei\u00df ... Schnee... Gruppenfoto\" width=\"150\" height=\"100\" \/><\/a> <a href=\"http:\/\/www.likedeeler-ballon.de\/images\/team\/big\/impress_gr_011.jpg\"><img decoding=\"async\" class=\"alignnone\" title=\"Wer baut ab? Lasst uns das mal ausdiskutieren...\" src=\"http:\/\/www.likedeeler-ballon.de\/images\/team\/impress_kl_011.jpg\" alt=\"Wer baut ab? Lasst uns das mal ausdiskutieren...\" height=\"150\" \/><\/a> <a href=\"http:\/\/www.likedeeler-ballon.de\/images\/team\/big\/impress_gr_012.jpg\"><img loading=\"lazy\" decoding=\"async\" class=\"alignnone\" title=\"Entspannung am Abend, gerne auch mit Wein und Bier ;-)\" src=\"http:\/\/www.likedeeler-ballon.de\/images\/team\/impress_kl_012.jpg\" alt=\"Entspannung am Abend, gerne auch mit Wein und Bier ;-)\" width=\"150\" height=\"100\" \/><\/a><\/center><center><a href=\"https:\/\/www.likedeeler-ballon.de\/wordpress\/wp-content\/uploads\/2011\/12\/UNADJUSTEDNONRAW_thumb_faa.jpg\"><img loading=\"lazy\" decoding=\"async\" class=\"alignnone size-medium wp-image-361\" src=\"https:\/\/www.likedeeler-ballon.de\/wordpress\/wp-content\/uploads\/2011\/12\/UNADJUSTEDNONRAW_thumb_faa-300x225.jpg\" alt=\"UNADJUSTEDNONRAW_thumb_faa\" width=\"300\" height=\"225\" srcset=\"https:\/\/www.likedeeler-ballon.de\/wordpress\/wp-content\/uploads\/2011\/12\/UNADJUSTEDNONRAW_thumb_faa-300x225.jpg 300w, https:\/\/www.likedeeler-ballon.de\/wordpress\/wp-content\/uploads\/2011\/12\/UNADJUSTEDNONRAW_thumb_faa-768x576.jpg 768w, https:\/\/www.likedeeler-ballon.de\/wordpress\/wp-content\/uploads\/2011\/12\/UNADJUSTEDNONRAW_thumb_faa.jpg 1024w\" sizes=\"auto, (max-width: 300px) 100vw, 300px\" \/><\/a><\/center><\/p>\n","protected":false},"excerpt":{"rendered":"<p>Das Team und die Atmosph\u00e4re beim Ballonfahren ist das Wichtigste. Das und die Sch\u00f6nheit und die Ruhe in der Luft, sind die Gr\u00fcnde warum ich diesen Sport mache. Ich will hier einige Bilder zeigen, welche das Crewleben zeigen.<\/p>\n","protected":false},"author":1,"featured_media":0,"parent":63,"menu_order":0,"comment_status":"open","ping_status":"open","template":"","meta":{"footnotes":""},"class_list":["post-179","page","type-page","status-publish","hentry"],"_links":{"self":[{"href":"https:\/\/www.likedeeler-ballon.de\/wordpress\/wp-json\/wp\/v2\/pages\/179","targetHints":{"allow":["GET"]}}],"collection":[{"href":"https:\/\/www.likedeeler-ballon.de\/wordpress\/wp-json\/wp\/v2\/pages"}],"about":[{"href":"https:\/\/www.likedeeler-ballon.de\/wordpress\/wp-json\/wp\/v2\/types\/page"}],"author":[{"embeddable":true,"href":"https:\/\/www.likedeeler-ballon.de\/wordpress\/wp-json\/wp\/v2\/users\/1"}],"replies":[{"embeddable":true,"href":"https:\/\/www.likedeeler-ballon.de\/wordpress\/wp-json\/wp\/v2\/comments?post=179"}],"version-history":[{"count":7,"href":"https:\/\/www.likedeeler-ballon.de\/wordpress\/wp-json\/wp\/v2\/pages\/179\/revisions"}],"predecessor-version":[{"id":363,"href":"https:\/\/www.likedeeler-ballon.de\/wordpress\/wp-json\/wp\/v2\/pages\/179\/revisions\/363"}],"up":[{"embeddable":true,"href":"https:\/\/www.likedeeler-ballon.de\/wordpress\/wp-json\/wp\/v2\/pages\/63"}],"wp:attachment":[{"href":"https:\/\/www.likedeeler-ballon.de\/wordpress\/wp-json\/wp\/v2\/media?parent=179"}],"curies":[{"name":"wp","href":"https:\/\/api.w.org\/{rel}","templated":true}]}}